1. Let r be 4 + 1 - k/2. Let i = r - -8. Calculate the remainder when 24 is divided by i.
11
Let w = 651 + -434. What is the remainder when w is divided by 68?
13
Let c(n) = -n**3 + 13*n**2 - 14*n + 16. Let a be c(11). Suppose 5*y - 9*y = -a. What is the remainder when y is divided by 6?
2
Let m = -16 - 6. Let n = m + 115. What is the remainder when n is divided by 16?
13
Suppose -56 = -4*k - 4*o, -3*k + 0*k + 2*o + 17 = 0. What is the remainder when 275/22 + 2 + 1/2 is divided by k?
6
Suppose -9*d + 65 = -34. Let n(s) = -s**3 + 9*s**2 - 10*s + 13. Calculate the remainder when n(7) is divided by d.
8
Suppose -2*c + 123 = -5*x + 29, c = 4*x + 41. What is the remainder when c is divided by 25/2 + (-1)/2?
9
Let m = 31 + -27. Suppose n + 4*x - 22 = 0, -160 = -m*n + 6*x - 4*x. What is the remainder when n is divided by 8?
6
Suppose 4*w - 30 = -5*q - w, 3*q - 42 = 5*w. Calculate the remainder when (1 - 9) + 87 + -18 is divided by q.
7
Let r be (-2 + 5)*2/3. Suppose 0 = -i + 3*o - 4, 2*o = -r*i + 3*o + 12. Calculate the remainder when 23 - (24/(-3))/(-4) is divided by i.
5
Let k(r) = -19*r - 31. Let z = -102 + 93. What is the remainder when k(z) is divided by 47?
46
Let c(k) = 2*k**2 - 8. Let x(z) = z + 1. Let g be x(2). Suppose i = -g*i + 132. What is the remainder when c(6) is divided by i?
31
Let k = -95 - -202. Let v be 3 + (62 - 2/2). Suppose 8 = 2*t - v. What is the remainder when k is divided by t?
35
Let t(y) = -y**2 + 6 + 0*y - 3*y - 6*y. Calculate the remainder when 57*(2 - 0 - 1) is divided by t(-7).
17
Suppose 0*l - 96 = -2*k - 3*l, 3*k + 4*l = 142. What is the remainder when (7 + 237)*1/2 is divided by k?
38
Let g = 5 + 8. Let c = -2 + 6. Suppose 2*o + 12 = c*n - 2*o, -3*o = n - 7. What is the remainder when g is divided by n?
1
What is the remainder when ((-3)/(-27))/((-17)/(-247707)) is divided by 45?
44
Let i = 24 + 20. Calculate the remainder when 129 is divided by i.
41
Suppose -2*f = 3*f - 35. Suppose -210*q - 848 = -226*q. Calculate the remainder when q is divided by f.
4
Suppose 0*a = 5*a - 725. Suppose k + 0*k + 1 = 0, 5*k = m - a. Calculate the remainder when m is divided by 47.
46
Suppose -2*g + 0 = 4, 0 = -4*l - 2*g. What is the remainder when l*(171/3 + 2) is divided by 15?
14
Suppose -3*v = 2*u - 31, -5*u + 0*u - 3*v + 82 = 0. What is the remainder when 167 is divided by u?
14
Suppose 0 = -3*m - 2*t + 4*t + 11, -3*m + t = -10. Calculate the remainder when 4 is divided by (4 - 2)/(2/m).
1
Suppose 5*c - 3*y - 197 = 0, -5*c - 5*y + 6*y + 189 = 0. What is the remainder when 142 is divided by c?
31
Suppose -4*w + 18 = -w. Suppose 2*f = w*f - 44. Let z = -1 + f. What is the remainder when 37 is divided by z?
7
Suppose d = -0*d + 10. Suppose -w - 8 - 20 = 0. Let m = -10 - w. Calculate the remainder when m is divided by d.
8
Let f be (0/(-2))/((-2)/(-5)*5). Suppose 5*c = d - 172, d + f*c = 4*c + 174. Calculate the remainder when d is divided by 46.
44
Suppose -55*b + 47*b = -264. What is the remainder when 160 is divided by b?
28
Let b = -21 - -24. Suppose b*r - 21 = 4*x, 3*r - r - 28 = 5*x. What is the remainder when (-168)/(-7)*(-2)/x is divided by 4?
0
Suppose 2*n - p - 4*p = 63, -4*n + 2*p + 166 = 0. Calculate the remainder when n is divided by 15.
14
Let i(o) = -o**3 - 6*o**2 - 7*o - 6. Let r be i(-3). Calculate the remainder when r/30 + 117/5 is divided by 13.
10
Suppose -28 = -7*o + 3*o. Let n be 3*7 - (21 - 16). Suppose -13*f = -n*f + 15. Calculate the remainder when o is divided by f.
2
Let m(k) = 4*k - 37. Let x be m(18). What is the remainder when 15 is divided by 190/x - (-20)/35?
3
Suppose 11 = -0*l + l. Suppose -265 = 19*y - 24*y. What is the remainder when y is divided by l?
9
Let k(v) = 5*v**2 + 5*v. Calculate the remainder when k(-5) is divided by (-15)/(-6)*(-2548)/(-245).
22
Suppose -15*d = -707 + 2. Calculate the remainder when d is divided by 5.
2
Suppose 0 = -5*l + 25, -3*c = 2*l - 5*l - 57. What is the remainder when 4 is divided by c/14 - (-10)/35?
0
Let g(n) = -n**2 + 2*n + 1. Let o be g(0). Suppose 2*p + 5*l = 39, -2*p - o + 13 = -4*l. What is the remainder when 45 is divided by p?
9
Let g = -984 + 1016. Let j = 8 - 1. What is the remainder when g is divided by j?
4
Suppose 5*s - 282 = -5*c + c, 0 = -3*s + 4*c + 182. Calculate the remainder when 222 is divided by s.
48
What is the remainder when 133 is divided by 2 + (2 - 0) + 13?
14
Suppose 0 = -q + m + 17, q + 5*m = -0*m + 23. What is the remainder when 133 is divided by q?
7
Let y = 214 - 209. Calculate the remainder when 106 is divided by y.
1
What is the remainder when 80 is divided by 65/10*(-3 - -11) - 4?
32
Let x(z) = z**2 + z - 23. Calculate the remainder when 63 is divided by x(7).
30
Let h = -65 - -69. Suppose q + 3 = 0, g = -2*g + 5*q + 96. Calculate the remainder when g is divided by h.
3
Let l(s) = s**2 - s + 95. Suppose 5*n - p = 34, 2*n - 5*p = 3*n + 14. What is the remainder when l(0) is divided by (8/(-2))/((-1)/n)?
23
Calculate the remainder when 2*(1 - 3*(-44)/24) is divided by 5.
3
Let j(k) = -4*k - 30. What is the remainder when 1 + 3 + 2 - 1 is divided by j(-8)?
1
Let z(q) = -17*q - 1. Let x be z(-4). Suppose -x = -4*a - 3. Calculate the remainder when 63 is divided by a.
15
Let j be -10*((-228)/10)/2. Suppose -2*s = 8, 5*s + 66 + 2 = -4*b. What is the remainder when 18 is divided by 1/2 - j/b?
8
Let z(c) = -3*c**3 - 2*c + 6. Calculate the remainder when 71 is divided by z(-2).
3
Suppose 3*a + f - 6*f - 290 = 0, -2*a - 2*f = -188. Let k = a - 81. What is the remainder when 66 is divided by k?
10
Suppose 43*m - 44*m + 5710 = 5*t, -2*t = -m - 2284. What is the remainder when t is divided by 44?
42
Let k(y) = -5*y - 16. Let u be k(-4). Suppose u*t - 45 = t. Calculate the remainder when (-29)/((-2 - 0) + 1) is divided by t.
14
Suppose -1276 = q + 2*f - 1312, 2*q = -2*f + 62. Suppose 0 = 2*p - 1 - 3. What is the remainder when q is divided by p?
0
Suppose -2*a + 0*a = 3*f - 21, 3*a = f - 18. Suppose -16 + 214 = f*w. What is the remainder when 82 is divided by w?
16
Suppose -7*t + 6*t + 91 = 0. What is the remainder when 280 is divided by t?
7
Let p(o) = 3*o**2 - 4*o + 1. Let f be p(3). Suppose -l - 4*y + 18 = 0, l - 2*y + f = 2*l. Calculate the remainder when 39 is divided by l.
11
Suppose 5*q + r = -0*r + 178, 0 = 5*q - 3*r - 186. Suppose q = 7*s - s. Calculate the remainder when 15 is divided by s.
3
Suppose -11*p + 36 = m - 10*p, -141 = -4*m - 5*p. Suppose 0 = -5*t + 37 + 38. What is the remainder when m is divided by t?
9
Suppose 0*r - k = 3*r - 12, 0 = 2*k. Suppose -r*s + 14 = -2*s. Let b = 4633 - 4617. What is the remainder when b is divided by s?
2
Let l(z) = 5*z - 5*z + 2*z**3 - 4*z**2 - 1 + 5*z - z. Suppose 0 = -3*q + q + 6. Calculate the remainder when l(q) is divided by 15.
14
Suppose -6*y + 98 = -5*y. Suppose 6*r - 166 = y. Calculate the remainder when r is divided by 15.
14
Let v(r) = -10*r. Let x = 8 - 5. Suppose -m + 3 - 8 = -n, 0 = 5*m + x*n + 1. What is the remainder when v(m) is divided by 11?
9
Suppose 0 = -9*o + 15*o - 396. Suppose -28*j + 29*j - o = 0. Calculate the remainder when j is divided by 34.
32
Let z(n) = n**2 + n + 3. Let h(q) = -q**2 - 3. Let l(p) = -4*h(p) - 3*z(p). Calculate the remainder when 60 is divided by l(-4).
29
Suppose d + 0*d = 7. Suppose -2*c + g + 17 = -4*g, 0 = -4*c - 4*g - 8. Let l(f) = 12*f. Calculate the remainder when l(c) is divided by d.
5
Let k(v) = v**2 + 13*v + 15. Calculate the remainder when k(-14) is divided by 4/10 + (-3)/(90/(-318)).
7
Suppose 2*i + 2*w = 60, -5*w = -5*i + 14 + 86. Calculate the remainder when 87 is divided by i.
12
Let t = 125 - 274. Let l = -141 - t. What is the remainder when 23 is divided by l?
7
Let h(u) = -u**3 + 5*u**2 + 3. Let x be (2/5)/(2/20). Suppose 5*w + 3*m = 2*m + 282, w - 2*m = 52. What is the remainder when w is divided by h(x)?
18
Suppose 95 + 50 = 5*c + 5*a, 0 = c + 2*a - 24. Suppose -10 + c = 3*v. Let h = v - 1. What is the remainder when h is divided by 2?
1
Suppose 0 = s - 2*k - 52, 2*s + 2*s + 3*k - 230 = 0. What is the remainder when 167 is divided by s?
55
Suppose 4*t + c - 19 = 0, c + 1 = -0. Let d = 80 + -76. Suppose 2*m = -3*r + 50, r - d*r + 12 = 0. Calculate the remainder when m is divided by t.
4
Let h = -12 - -5. Let c be h/(